CRAN Package Check Results for Package cmtest

Last updated on 2025-04-19 01:49:48 CEST.

Flavor Version Tinstall Tcheck Ttotal Status Flags
r-devel-linux-x86_64-debian-clang 0.1-2 2.28 27.87 30.15 OK
r-devel-linux-x86_64-debian-gcc 0.1-2 1.62 21.59 23.21 OK
r-devel-linux-x86_64-fedora-clang 0.1-2 53.14 OK
r-devel-linux-x86_64-fedora-gcc 0.1-2 64.69 OK
r-devel-windows-x86_64 0.1-2 3.00 51.00 54.00 OK
r-patched-linux-x86_64 0.1-2 1.87 26.96 28.83 OK
r-release-linux-x86_64 0.1-2 2.24 26.78 29.02 OK
r-release-macos-arm64 0.1-2 37.00 OK
r-release-macos-x86_64 0.1-2 62.00 OK
r-release-windows-x86_64 0.1-2 4.00 48.00 52.00 OK
r-oldrel-macos-arm64 0.1-2 24.00 NOTE
r-oldrel-macos-x86_64 0.1-2 36.00 NOTE
r-oldrel-windows-x86_64 0.1-2 4.00 54.00 58.00 NOTE

Check Details

Version: 0.1-2
Check: package dependencies
Result: NOTE Package suggested but not available for checking: ‘tobit1’ Flavors: r-oldrel-macos-arm64, r-oldrel-macos-x86_64, r-oldrel-windows-x86_64